{"id":1294,"date":"2016-06-29T10:05:48","date_gmt":"2016-06-29T08:05:48","guid":{"rendered":"http:\/\/cpr.afundacion.org\/inicio\/?page_id=1294"},"modified":"2020-07-21T12:17:03","modified_gmt":"2020-07-21T10:17:03","slug":"periodo-de-matriculacion","status":"publish","type":"page","link":"https:\/\/cpr.staging.afundacion.org\/inicio\/periodo-de-matriculacion\/","title":{"rendered":"Per\u00edodo de matriculaci\u00f3n curso 2020\/2021"},"content":{"rendered":"<p style=\"text-align: justify;\">La oferta educativa para el pr\u00f3ximo curso 2020\/2021 ya se puede consultar en la p\u00e1gina de Formaci\u00f3n Profesional www.edu.xunta.es\/fp. El plazo de solicitudes para alumnos que deseen acceder a 1.\u00ba cursos de los Ciclos Formativos que ofertamos es desde el 25 de junio hasta el 8 de julio, ambos inclusive. La solicitud se hace v\u00eda web a trav\u00e9s del enlace que indica la Xunta en la p\u00e1gina de FP, y que estar\u00e1 activado a partir del 25 de junio.<\/p>\n<p style=\"text-align: justify;\">Nuestra oferta educativa para el pr\u00f3ximo curso es la siguiente:<\/p>\n<ul>\n<li>C.S. Asistencia a la Direcci\u00f3n<\/li>\n<li>C.S. Administraci\u00f3n y Finanzas<\/li>\n<li>C.S. Desarrollo de Aplicaciones Multiplataforma<\/li>\n<li>C.S. Desarrollo de Aplicaciones Web<\/li>\n<\/ul>\n<p style=\"text-align: justify;\">\n","protected":false},"excerpt":{"rendered":"<p>La oferta educativa para el pr\u00f3ximo curso 2020\/2021 ya se puede consultar en la p\u00e1gina de Formaci\u00f3n Profesional www.edu.xunta.es\/fp. El plazo de solicitudes para alumnos que deseen acceder a 1.\u00ba cursos de los Ciclos Formativos que ofertamos es desde el 25 de junio hasta el 8 de julio, ambos inclusive. La solicitud se hace v\u00eda [&hellip;]<\/p>\n","protected":false},"author":7,"featured_media":0,"parent":0,"menu_order":0,"comment_status":"open","ping_status":"open","template":"","meta":{"_monsterinsights_skip_tracking":false,"_monsterinsights_sitenote_active":false,"_monsterinsights_sitenote_note":"","_monsterinsights_sitenote_category":0,"footnotes":""},"class_list":["post-1294","page","type-page","status-publish","hentry"],"_links":{"self":[{"href":"https:\/\/cpr.staging.afundacion.org\/inicio\/wp-json\/wp\/v2\/pages\/1294","targetHints":{"allow":["GET"]}}],"collection":[{"href":"https:\/\/cpr.staging.afundacion.org\/inicio\/wp-json\/wp\/v2\/pages"}],"about":[{"href":"https:\/\/cpr.staging.afundacion.org\/inicio\/wp-json\/wp\/v2\/types\/page"}],"author":[{"embeddable":true,"href":"https:\/\/cpr.staging.afundacion.org\/inicio\/wp-json\/wp\/v2\/users\/7"}],"replies":[{"embeddable":true,"href":"https:\/\/cpr.staging.afundacion.org\/inicio\/wp-json\/wp\/v2\/comments?post=1294"}],"version-history":[{"count":9,"href":"https:\/\/cpr.staging.afundacion.org\/inicio\/wp-json\/wp\/v2\/pages\/1294\/revisions"}],"predecessor-version":[{"id":2351,"href":"https:\/\/cpr.staging.afundacion.org\/inicio\/wp-json\/wp\/v2\/pages\/1294\/revisions\/2351"}],"wp:attachment":[{"href":"https:\/\/cpr.staging.afundacion.org\/inicio\/wp-json\/wp\/v2\/media?parent=1294"}],"curies":[{"name":"wp","href":"https:\/\/api.w.org\/{rel}","templated":true}]}}